{"id":148,"date":"2009-04-13T16:37:49","date_gmt":"2009-04-13T14:37:49","guid":{"rendered":"http:\/\/pfzl.de\/weblog\/?page_id=148"},"modified":"2022-05-22T16:43:15","modified_gmt":"2022-05-22T14:43:15","slug":"e-pfzl","status":"publish","type":"page","link":"https:\/\/pfzl.de\/blog\/?page_id=148","title":{"rendered":"E-PFZL"},"content":{"rendered":"<h3 style=\"text-align: left;\">Schnupperzeltlager f\u00fcr Eltern<\/h3>\n<p style=\"text-align: justify;\">Ein Wochenende Zeltlager f\u00fcr alle interessierten Erwachsenen: Eltern, Verwandte, ehemalige Betreuer und Teilnehmer, G\u00f6nner und Sponsoren&#8230; &#8211; Einfach alle, die Lust haben auf ein Wochenende getreu unserem Motto:<\/p>\n<div style=\"text-align: center;\"><strong>&#8222;GEMEINSAM LEBEN ERLEBEN&#8220;<\/strong><\/div>\n<p style=\"text-align: left;\">Dazu haben wir vom 15. &#8211; 17. September 2006 nach Babenhausen an den Zeltplatz am Fuggerweiher eingeladen.<\/p>\n<h4>Ein Wochenende Zeltlager f\u00fcr Junggebliebene<\/h4>\n<p><img decoding=\"async\" src=\"https:\/\/pfzl.de\/blog\/wp-content\/Gruppenbild2_Spass_IMG_5081.JPG\" alt=\"Gruppenfoto\" title=\"Gruppenfoto\" style=\"border:1px solid #333;\"><\/p>\n<p style=\"text-align: center;\"><strong>Gruppenfoto:<\/strong> Begeisterung vor dem V\u00f6lkerballfeld.<\/p>\n<p>Unter der Leitung des Pfingstzeltlagerteams tummelten sich gut 60 Zeltlagerer am Fuggerweiher in Babenhausen. Die Sonne lachte bei kunterbuntem Programm von Vertrauenszirkel bis zu dem Nachtspielklassiker Bannemann.<\/p>\n<p>Freitagabend fanden sich 35 wagemutige Erwachsene zwischen 20 und 60 Jahren, teils mit mulmigen Gef\u00fchlen, in einer m\u00e4rchenhaften Welt wieder:&nbsp; Sie erhielten Namenbuttons und wurden von verschiedenen M\u00e4rchenfiguren wie Rapunzel und Rumpelstilzchen in Empfang genommen.<\/p>\n<p>Das Betreuerteam des allj\u00e4hrlichen Kinder-Pfingstzeltlagers der Regionalstelle f\u00fcr kirchliche Jugendarbeit und des Evangelischen Jugendwerks um Florian Neymeyer hatte sich etwas Besonderes vorgenommen: Ein Zeltlager nur f\u00fcr Erwachsene. Was zun\u00e4chst als verr\u00fcckte Idee aufkam, wurde nun in die Tat umgesetzt. Und laut Feedback der Beteiligten mit gro\u00dfem Erfolg: &#8222;Gemeinsam Leben Erleben&#8220;, das Motto des Pfingstzeltlagers, kommt anscheinend nicht nur bei Kindern und Jugendlichen gut an.<\/p>\n<p><img decoding=\"async\" src=\"https:\/\/pfzl.de\/blog\/wp-content\/Lagerfeuer_CIMG2160.JPG\" alt=\"Lagerfeuer\" title=\"Lagerfeuer\" style=\"border:1px solid #333;\"><\/p>\n<p style=\"text-align: center;\"><strong>Lagerfeuer: <\/strong> Feuer und Gitarrenkl\u00e4nge genie\u00dfen.<\/p>\n<h4>Pfingstzeltlager &#8211; hautnah<\/h4>\n<p>Dem Team war es wichtig, das PfZl (Pfingstzeltlager) so echt wie m\u00f6glich widerzuspiegeln. Und das Konzept ging auf: Die Eltern waren voll dabei. Das Wochenende war vollgepackt mit den verschiedensten Aktionen und Projekten: Angefangen am Freitag mit einem Kennenlernzirkel und Spielen um Hemmungen abzubauen, ging es anschlie\u00dfend auf Nachtwanderung mit Suche nach den bayerischen Fabelwesen Wolpertinger.<\/p>\n<p>Ansonsten jagte ein H\u00f6hepunkt den n\u00e4chsten: Waldspiele bei Tag und Nacht fanden genauso Gefallen und Einsatz aller Beteiligten, wie die verschiedensten Workshops von Seife schnitzen \u00fcber Holzschuhe basteln bis zum Bogenschie\u00dfen (inkl. des Bastelns derer).<\/p>\n<p><img decoding=\"async\" src=\"https:\/\/pfzl.de\/blog\/wp-content\/Theater_P1010864.JPG\" alt=\"Theater\" title=\"Theater\" style=\"border:1px solid #333;\"><\/p>\n<p style=\"text-align: center;\"><strong>Theater: <\/strong> Der Prinz m\u00f6chte Bewaffnung und Blaulicht.<\/p>\n<h4>M\u00e4rchenhafte Erlebnisse<\/h4>\n<p>Durch all dies spann sich ein roter M\u00e4rchenfaden: Jeder Betreuer stellte eine M\u00e4rchenfigur dar, und auch die Spiele waren darauf abgestimmt. Besonders begeistert hat das eigens geschriebene Theaterst\u00fcck &#8222;Das perfekte M\u00e4rchen&#8220;. Dieses f\u00fchrten die Betreuer in drei Akten an verschiedenen Tagen auf.<\/p>\n<p><img decoding=\"async\" src=\"https:\/\/pfzl.de\/blog\/wp-content\/Grillsau_P1130682.JPG\" alt=\"Spansau\" title=\"Spansau\" style=\"border:1px solid #333;\"><\/p>\n<p style=\"text-align: center;\"><strong>Spansau: <\/strong> Die Metzgerei Span steuerte ein 48kg-&#8222;Ferkel&#8220; bei.<\/p>\n<h4>Saugutes Essen<\/h4>\n<p>Auch essenstechnisch kramte das Pfingstzeltlagerteam in der \u00dcberraschungskiste: Es gab Samstag Abend Schwein am Spie\u00df &#8211; \u00fcber dem eigenen Feuer in sieben Stunden gebrutzelt. Die Erlebnisse des Tages klangen an den Abenden um das Lagerfeuer bei Gitarrenkl\u00e4ngen aus. Dabei sang wer Lust hatte \u00e4ltere und moderne Lieder und nat\u00fcrlich die traditionellen, umgedichteten Zeltlagerst\u00fccke.<br \/>\nAm Sonntag rundete nach Vertrauensspielen eine Andachtsfeier um das Motto &#8222;Gemeinsam Leben Erleben&#8220; das Zeltlager ab. Die anschlie\u00dfende Reflektion und Nachbesprechung zeigte, dass der \u00fcberw\u00e4ltigende Teil wieder mit dabei w\u00e4re, wenn es nochmals hei\u00dft: &#8222;Das PfZl wird Erwachsen&#8220;.<\/p>\n<p><img decoding=\"async\" src=\"https:\/\/pfzl.de\/blog\/wp-content\/Gruppenbild_Spass_IMG_5038.JPG\" alt=\"Gruppenbild\" title=\"Gruppenbild\" style=\"border:1px solid #333;\"><\/p>\n<p style=\"text-align: center;\"><strong>Gruppenbild:<\/strong> Eine Riesenfreude.<\/p>\n<p style=\"text-align: right;\"><a href=\"#\" class=\"top\" style=\"color: gray; text-decoration: none;\"><i class=\"fa fa-hand-o-up\" aria-hidden=\"true\"><\/i> nach oben<\/a><\/p>\n","protected":false},"excerpt":{"rendered":"<p>Schnupperzeltlager f\u00fcr Eltern Ein Wochenende Zeltlager f\u00fcr alle interessierten Erwachsenen: Eltern, Verwandte, ehemalige Betreuer und Teilnehmer, G\u00f6nner und Sponsoren&#8230; &#8211; Einfach alle, die Lust haben auf ein Wochenende getreu unserem Motto: &#8222;GEMEINSAM LEBEN ERLEBEN&#8220; Dazu haben wir vom 15. &#8211; 17. September 2006 nach Babenhausen an den Zeltplatz am Fuggerweiher eingeladen. Ein Wochenende Zeltlager f\u00fcr [&hellip;]<\/p>\n","protected":false},"author":9,"featured_media":0,"parent":0,"menu_order":7,"comment_status":"closed","ping_status":"closed","template":"","meta":{"footnotes":""},"class_list":["post-148","page","type-page","status-publish","hentry"],"jetpack_shortlink":"https:\/\/wp.me\/P8qkQQ-2o","jetpack_sharing_enabled":true,"_links":{"self":[{"href":"https:\/\/pfzl.de\/blog\/index.php?rest_route=\/wp\/v2\/pages\/148","targetHints":{"allow":["GET"]}}],"collection":[{"href":"https:\/\/pfzl.de\/blog\/index.php?rest_route=\/wp\/v2\/pages"}],"about":[{"href":"https:\/\/pfzl.de\/blog\/index.php?rest_route=\/wp\/v2\/types\/page"}],"author":[{"embeddable":true,"href":"https:\/\/pfzl.de\/blog\/index.php?rest_route=\/wp\/v2\/users\/9"}],"replies":[{"embeddable":true,"href":"https:\/\/pfzl.de\/blog\/index.php?rest_route=%2Fwp%2Fv2%2Fcomments&post=148"}],"version-history":[{"count":38,"href":"https:\/\/pfzl.de\/blog\/index.php?rest_route=\/wp\/v2\/pages\/148\/revisions"}],"predecessor-version":[{"id":3382,"href":"https:\/\/pfzl.de\/blog\/index.php?rest_route=\/wp\/v2\/pages\/148\/revisions\/3382"}],"wp:attachment":[{"href":"https:\/\/pfzl.de\/blog\/index.php?rest_route=%2Fwp%2Fv2%2Fmedia&parent=148"}],"curies":[{"name":"wp","href":"https:\/\/api.w.org\/{rel}","templated":true}]}}